20
-2030151 (base 7) to base 10
-242586
What is 1223310343 (base 5) in base 10?
2947598
Convert add8c (base 14) to base 4.
1213021220
What is -21542342 (base 6) in base 3?
-1020002012222
-232305 (base 6) to base 14
-73d7
Convert a40e90 (base 15) to base 14.
1070579
What is 130772 (base 8) in base 5?
2424222
Convert -11683 (base 15) to base 16.
-d8b1
-2651fc (base 16) to base 3
-11201120221012
Convert 5a5e6f (base 16) to base 14.
b02459
What is 31271 (base 13) in base 4?
111203312
Convert -1000001010110011110011 (base 2) to base 7.
-24126141
What is a2115 (base 11) in base 5?
14233314
What is -24321045 (base 7) in base 3?
-11002102011220
What is -174b5a (base 12) in base 2?
-1100010010001110110
Convert 142321656 (base 7) to base 12.
316ab90
What is -100210044 (base 5) in base 2?
-1100001000011010100
What is 7a805 (base 13) in base 12?
a9246
61143 (base 13) to base 4
222123123
Convert -139a46 (base 12) to base 4.
-1100012112
What is -120322230 (base 4) in base 9?
-165000
Convert 21640155 (base 7) to base 5.
440002040
Convert 1225110413 (base 6) to base 3.
222210102122200
What is -21303220113 (base 4) in base 14?
-4acc2b
-17415504 (base 8) to base 12
-1443544
What is 1462b (base 13) in base 5?
2212100
5b04d (base 15) to base 16
46e13
Convert -11112100201 (base 4) to base 14.
-286c6d
-9082b (base 13) to base 16
-3f186
Convert 10001101010000011 (base 2) to base 5.
4303243
What is -12120222212001 (base 3) in base 12?
-bb3b0a
313411411 (base 5) to base 8
4777027
What is -201041011 (base 5) in base 10?
-799506
11a845a (base 11) to base 9
3835215
6050405 (base 8) to base 11
999332
Convert -115cb8 (base 13) to base 12.
-17b022
20d252 (base 15) to base 7
16200203
Convert -20120210001112 (base 3) to base 10.
-3499241
Convert -19e8ca (base 15) to base 10.
-1264240
What is -4994b (base 15) in base 10?
-234971
Convert -61034 (base 13) to base 10.
-173606
What is -106b4 (base 16) in base 12?
-32b04
Convert 302074 (base 12) to base 15.
ec37a
Convert 266314 (base 7) to base 13.
19b34
Convert 33667753 (base 8) to base 3.
111202001000221
Convert a53006 (base 12) to base 2.
1001111010000101000110
What is 101000110000110100 (base 2) in base 3?
22111000212
Convert -123433322 (base 6) to base 7.
-26346311
What is 1111001001000101 (base 2) in base 11?
42663
-4345022 (base 12) to base 5
-11233011132
546196 (base 12) to base 4
11012212002
What is -1120123212 (base 5) in base 9?
-4636848
Convert -300241341 (base 5) to base 10.
-1180846
What is 2133021130 (base 4) in base 8?
2371134
What is -42452536 (base 8) in base 4?
-202211111132
Convert 21000212011000 (base 3) to base 7.
43522635
100011000100110010111111 (base 2) to base 14
1314b95
Convert 1a0978 (base 12) to base 16.
6fb6c
Convert 10101100101000011001111 (base 2) to base 12.
1a89727
-520034114 (base 6) to base 12
-300293a
10431250 (base 6) to base 9
530383
100111232103 (base 4) to base 8
20255623
Convert 5b078 (base 14) to base 8.
662242
-255243431 (base 6) to base 8
-23100353
Convert ca98 (base 13) to base 12.
14383
Convert -183898 (base 15) to base 12.
-48898b
Convert -d1430 (base 16) to base 6.
-30212120
Convert 113021233110 (base 4) to base 2.
10111001001101111010100
What is 21021112012000 (base 3) in base 5?
1442240314
Convert -2781145 (base 9) to base 11.
-955203
Convert 111101110110111000010 (base 2) to base 8.
7566702
-1001110101101111 (base 2) to base 13
-15463
79406c (base 13) to base 15
3b8d38
Convert 24100024 (base 5) to base 12.
a84a9
201211111210 (base 3) to base 4
1133103303
22010220002211 (base 3) to base 9
8126084
What is 30351 (base 8) in base 7?
51335
6e15b (base 16) to base 12
198b37
What is 3271773 (base 8) in base 16?
d73fb
Convert -11047670 (base 8) to base 4.
-21010332320
66444 (base 7) to base 9
24806
Convert 16250 (base 12) to base 15.
94bc
-1011010001100110 (base 2) to base 4
-23101212
Convert 363c7 (base 13) to base 12.
49727
Convert 2034543 (base 7) to base 11.
157484
Convert -11464231 (base 7) to base 5.
-230234233
What is 130062 (base 7) in base 13?
ac44
Convert -2d55d (base 16) to base 10.
-185693
401603 (base 10) to base 3
202101220012
-179269 (base 12) to base 2
-1100100000100110001
321343002 (base 5) to base 13
38628b
What is -133021020 (base 4) in base 3?
-20110222110
What is -5224734 (base 11) in base 13?
-1ba86c9
Convert 74257 (base 13) to base 9.
347771
What is 265767 (base 11) in base 9?
705654
Convert -1010011000101010111 (base 2) to base 12.
-144b33
Convert -233231203 (base 4) to base 3.
-100221002001
Convert 5276188 (base 9) to base 5.
1210411030
Convert 80445 (base 9) to base 2.
1100111001110101
Convert -830406 (base 9) to base 14.
-cb63b
What is -3603417 (base 8) in base 5?
-223003342
Convert -22002222212011 (base 3) to base 14.
-802c2d
Convert 5248147 (base 9) to base 10.
2807503
What is -1100001001100111111 (base 2) in base 6?
-12311131
-121143031 (base 6) to base 4
-20301131323
-353560 (base 8) to base 15
-25b5d
-1983980 (base 11) to base 5
-1323441233
What is -81305 (base 10) in base 16?
-13d99
-2aa01b (base 15) to base 7
-23333156
What is -141420110 (base 5) in base 7?
-6140441
What is -1330530430 (base 6) in base 7?
-252664065
What is 12011324 (base 5) in base 10?
110214
Convert 2331031 (base 7) to base 3.
112220022111
Convert 16114 (base 10) to base 9.
24084
What is -52160203 (base 8) in base 15?
-e893ed
24303266 (base 7) to base 16
2119be
11110000000100010001 (base 2) to base 7
11233542
What is -244977 (base 12) in base 8?
-2176153
What is 409aa8 (base 14) in base 10?
2178100
Convert -537b12 (base 12) to base 14.
-265102
Convert -3a73e (base 15) to base 3.
-100111212112
Convert 6d3a6f (base 16) to base 6.
413232355
Convert -343344241 (base 5) to base 8.
-5707020
201032103 (base 4) to base 10
136083
What is -47695b (base 14) in base 13?
-674c13
64b755 (base 12) to base 14
2d78d3
a34a7a (base 11) to base 2
110010101100001111110
What is -5007564 (base 10) in base 14?
-944cb2
What is 1000000111101000000000 (base 2) in base 12?
867854
Convert -45a42 (base 12) to base 8.
-265622
-234351622 (base 7) to base 6
-1235302334
What is 63774 (base 10) in base 2?
1111100100011110
Convert 923ed0 (base 15) to base 2.
11010100000100011100111
Convert -8056 (base 16) to base 3.
-1200001211
-82cd8f (base 16) to base 9
-17114881
-20525 (base 7) to base 5
-130231
Convert 1a478 (base 15) to base 3.
11100010112
What is 9bbf0c (base 16) in base 4?
212323330030
What is 9013 (base 16) in base 12?
19417
-187197 (base 10) to base 15
-3a6ec
30100111121 (base 4) to base 3
20001012220102
Convert 1e478a (base 15) to base 5.
334431310
Convert 131132223 (base 4) to base 6.
2331003
What is 289eb1 (base 15) in base 14?
38d4d3
Convert -572565 (base 8) to base 12.
-94271
What is 16a7131 (base 11) in base 13?
7a41a1
-52718 (base 9) to base 16
-881f
Convert -4351b (base 12) to base 5.
-10320441
12826458 (base 9) to base 11
3638466
What is -16068949 (base 10) in base 12?
-546b1b1
What is 41335330 (base 8) in base 13?
1a7b191
What is -550a9 (base 13) in base 9?
-254132
Convert 3455103 (base 13) to base 6.
1333255333
Convert 35023 (base 6) to base 9.
6746
11004001 (base 5) to base 16
1702b
-15228 (base 16) to base 2
-10101001000101000
Convert -11221201101 (base 3) to base 16.
-17cc8
What is -1465062 (base 8) in base 10?
-420402
What is -1328943 (base 11) in base 7?
-25341144
What is 1851aa3 (base 11) in base 7?
35440233
Convert -89002 (base 11) to base 13.
-469c6
-24c6b (base 14) to base 10
-90255
What is -1022112010001 (base 3) in base 14?
-142b45
What is -633161 (base 7) in base 5?
-11443131
-508172 (base 10) to base 6
-14520352
Convert 65cd8 (base 16) to base 8.
1456330
Convert 29e48e (base 15) to base 6.
111204055
Convert -6445154 (base 7) to base 5.
-200101104
Convert 110001010111100010001 (base 2) to base 8.
6127421
What is -269208 (base 11) in base 7?
-3405560
Convert 20164767 (base 9) to base 15.
cae867
-1202210123 (base 4) to base 10
-403739
Convert 34385 (base 13) to base 15.
1d292
Convert 333132202300 (base 4) to base 15.
16da651
What is -400bd (base 15) in base 9?
-338017
What is -1253330003 (base 6) in base 10?
-15003795
What is 4a00 (base 13) in base 2?
10100011101110
-77517 (base 8) to base 4
-13331033
What is -90bc29 (base 15) in base 10?
-6874239
-3113400 (base 5) to base 7
-301660
Conv